 w + 6*w + 14 + 8*w**2. Let g be z(-7). What is the highest common factor of g and 63?
7
Suppose 0 = 2*l - 36 - 20. Let p(h) = -h - 12. Let d be p(-10). Let k be (-20)/d - (8 - 5). What is the highest common divisor of k and l?
7
Suppose 8 = -2*r, 0 = 2*q + 5*r + 7 - 259. Suppose -4*t + 20 = -q. What is the greatest common factor of 13 and t?
13
Suppose -3*s = z + 6 + 8, 0 = -4*s + 8. Let w = z + 40. What is the greatest common factor of w and 50?
10
Suppose -15*s = -14127 + 2892. Calculate the highest common factor of s and 7.
7
Suppose -q + 2*y = -19, -y + 1 + 3 = q. Let v be (12/q)/((-2)/6). Let s be v/10 + (-296)/(-40). Calculate the greatest common divisor of s and 1.
1
Suppose 3*v + 15 = 6. Let h be (3 - 3) + 2 - v. Let s(b) = -b - 1. Let z be s(-3). Calculate the highest common factor of z and h.
1
Let w(u) = u**3 + 14*u**2 - 18*u + 20. Let m be w(-15). Let r = 73 - m. Calculate the highest common factor of 200 and r.
8
Suppose 84 = j + 77. Calculate the greatest common factor of 35 and j.
7
Let o = 30 + -27. Suppose 0*m + 117 = -o*m. Let t = m - -93. Calculate the highest common divisor of 81 and t.
27
Suppose 40*d - 24*d - 416 = 0. What is the greatest common divisor of d and 806?
26
Let k be 1/(-3)*285/(-19). Suppose -2*m + 60 = 4*s + 2*m, -41 = -3*s - k*m. Calculate the greatest common divisor of 17 and s.
17
Let t(r) = -3*r + 6. Let f be t(13). Let s = f + 48. What is the highest common factor of 60 and s?
15
Let u be 698/26 - (-50)/325. What is the highest common divisor of u and 72?
9
Let n(o) = -44*o + 431. Let p be n(4). What is the greatest common factor of p and 1190?
85
Suppose 0 = -4*w + 4*c + 188, 0 = -c - 3 - 0. Suppose -3*q + 418 = -w. Calculate the highest common divisor of 14 and q.
14
Let b = 70 + -57. Suppose -3*i = -133 + b. Calculate the greatest common divisor of i and 10.
10
Suppose 3*c - 104 = 4*h, -c - 2*h + 42 = -6. Calculate the greatest common factor of c and 184.
8
Let a(p) = p**2 - 5*p + 11. Let y be a(6). Suppose 2*t = -h + 97, 4*t - h = 4*h + 229. What is the greatest common factor of t and y?
17
Suppose 13*q + 16 - 159 = 0. Let u be (-11)/(1*(-3)/33). What is the greatest common factor of u and q?
11
Let r = 31 + -31. Let x be (7/(-21))/(r - 2/66). Calculate the highest common factor of x and 88.
11
Suppose 0 = -i - l + 1, -3*i = -2*i - 4*l - 16. Suppose -26 = -i*s - 0*s + 2*r, 0 = -5*s - 3*r + 38. Calculate the highest common factor of s and 1.
1
Suppose 4*b + 10*b - 1946 = 0. Suppose -b - 26 = -5*m. Calculate the greatest common divisor of m and 11.
11
Let a = 4 - 3. Let z be (0 + a)/((-7)/(-7)). Let n be z - (-1 + (-2 - -2)). Calculate the greatest common divisor of 14 and n.
2
Let v be 1128/21 - (-3 + 76/28). What is the highest common factor of v and 351?
27
Let u(s) = s**3 - 13*s**2 + s - 10. Let m be u(13). Suppose 762 - 132 = m*x. What is the highest common factor of x and 30?
30
Let m(z) = z - 23. Let h be m(40). Let j = 101 + -16. Calculate the greatest common divisor of j and h.
17
Suppose 3*q - 130 - 51 = 5*f, 4*q - 2*f - 218 = 0. Calculate the greatest common divisor of q and 12.
4
Let d be 31 - 6 - (-1 - (0 + -1)). What is the highest common factor of d and 25?
25
Let l(u) = 44*u + 497. Let y be l(-11). Let j be ((-10)/(-8))/(2/104). Calculate the greatest common divisor of j and y.
13
Let i = -27 - -37. Let b be 12/(-30) - (-44)/i. Calculate the highest common divisor of b and 36.
4
Let p = 98 - 84. Suppose 4*s - 22 - 8 = w, 3*w - 5*s + 76 = 0. Let q be (-1 - -1) + -1 - w. What is the greatest common divisor of q and p?
7
Suppose 432 = -42*l + 45*l. Suppose -35*w = -39*w + l. What is the highest common divisor of w and 18?
18
Let m(l) = 27*l**3 - 2*l**2 + l. Let a be m(1). Suppose -2*n - p + 35 = -4*p, -n + 2*p + 19 = 0. What is the highest common divisor of a and n?
13
Suppose -20*d + 30 = -25*d. Let r be 90*(-1)/15*d. Calculate the highest common factor of r and 12.
12
Suppose 3*h = 2*x + x + 219, -2*h = x - 146. Suppose 54 + 50 = 5*i - 2*c, -h = -4*i + 5*c. Calculate the highest common factor of 242 and i.
22
Suppose -2*h = 2*h + 4*y - 52, y = 3*h - 19. Calculate the greatest common divisor of 16 and h.
8
Suppose -3*f - 4*w = -20, -w = f - 0*w - 6. Let o be (4/3)/(f/6). Suppose -o*g + 5 = 2*q - 3, g = 3*q + 16. Calculate the greatest common factor of g and 56.
7
Let y be -18*(1 + (60/9)/(-4)). Suppose 20 = -2*g + y*g. Calculate the greatest common divisor of g and 6.
2
Let q = 3870 + -3864. Let f = -90 - -150. What is the greatest common factor of f and q?
6
Suppose 94*v + 147 = 97*v. What is the highest common divisor of v and 392?
49
Let r = 252 + -171. Calculate the highest common divisor of r and 3.
3
Let i(z) = -z + 5. Let y be i(3). Suppose y*b + 56 = 2*t - 24, 4 = -2*b. Calculate the highest common factor of 19 and t.
19
Let y be (-2)/(-1 + 1 + 2). Let n be (y - 0)/((-5)/150). Suppose -2*l = -4*o + n, 18 + 16 = 5*o + l. Calculate the greatest common divisor of o and 28.
7
Let c(h) = 13*h**2 + 16*h + 34. Let p be c(-2). Suppose 3*u - 107 = -3*x + 121, -86 = -u + x. What is the greatest common factor of p and u?
27
Let f(l) = -14*l - 4. Let d be f(-2). Suppose -22*v - 10 = -d*v. What is the greatest common divisor of v and 40?
5
Let h(v) = v**2 + 32*v + 14. Let r be h(-32). Calculate the highest common divisor of r and 63.
7
Let k be (49 - 134)*(0 - 1). Calculate the highest common factor of k and 5.
5
Suppose -70 = -g + a, a + 163 = 2*g + 27. Let k be 4/(-3)*(-9)/2. What is the greatest common divisor of k and g?
6
Let a = 59 - 131. Let y = a + 80. Calculate the greatest common factor of y and 4.
4
Let m(d) = -d - 2. Let k be m(-8). Let l be (-82)/k + 8/12. Let t be (-11)/33 - l/3. Calculate the greatest common divisor of 8 and t.
4
Let f = 380 + -376. Let h = -6 - -10. Suppose 0 = -h*q + 8, 0 = -m + 5*m - 4*q - 56. What is the greatest common divisor of f and m?
4
Let w(a) = 4*a**2 + 10*a + 6. Let t be (2/(-3))/((-40)/(-300)). Let k be w(t). What is the greatest common factor of k and 8?
8
Suppose -3*p + n + 0*n + 1531 = 0, 0 = 4*p - 3*n - 2038. Calculate the highest common factor of p and 219.
73
Suppose 52 = m + 3*h - 14, -m + 3*h + 78 = 0. Calculate the highest common divisor of 54 and m.
18
Let p(b) = -b**3 + 7*b**2 - 2*b + 17. Let o be ((-2)/(-4))/((-3)/(-42)). Let f be p(o). Calculate the highest common factor of 21 and f.
3
Suppose 0 = -10*i + 9*i + 3. Let h(f) = f**3 - 23*f**2 + 42*f + 9. Let j be h(21). Calculate the highest common factor of i and j.
3
Suppose -1512*x = -1505*x - 462. What is the greatest common factor of x and 110?
22
Let y(i) = i**2 + 28*i + 92. Let u be y(-28). What is the greatest common factor of u and 4?
4
Suppose 0 = -2*z + 1 + 9. Suppose 0 = z*k - 41 - 59. Calculate the greatest common divisor of 8 and k.
4
Let n = -83 - 38. Let a(c) = -c**3 + 23*c**2 - 24*c - 5. Let y be a(22). Let q = y - n. Calculate the greatest common divisor of 18 and q.
18
Let a(l) be the first derivative of -l**4/4 + 4*l**3/3 + 3*l**2/2 - 6*l - 18. Let w be a(3). What is the highest common divisor of 36 and w?
12
Let o = 18930 + -18902. Let a(n) = 22*n**2 - n - 2. Let m be a(2). What is the greatest common factor of o and m?
28
Let i(a) = -2*a + 31. Let y(m) = m**3 + 6*m**2 + 4*m + 4. Let v be y(-5). Let p be i(v). Calculate the highest common divisor of 26 and p.
13
Let o(z) = 367*z - 7. Let u be o(1). Calculate the greatest common factor of u and 24.
24
Let q be 12/21 - 2718/(-21). What is the greatest common factor of 39 and q?
13
Let n(u) = -18*u - 26. Let v be n(-16). Suppose -v = -3*j + 173. Calculate the highest common divisor of 58 and j.
29
Let c(o) = -o**3 + 7*o**2 - 7*o - 10. Suppose -27 = -5*n + g, 0 = -0*n - 2*n - 3*g + 4. Let p be c(n). What is the highest common factor of p and 35?
5
Suppose 140 = 2*d - 3*f - 17, -3*d - 5*f + 207 = 0. Let c(n) = -4*n**3 - 4*n**2 + 2*n + 1. Let t be c(-4). What is the greatest common divisor of d and t?
37
Let x(c) = -132*c. Let k be x(-1). Let m be -55*1*6*(-3)/30. What is the greatest common divisor of k and m?
33
Let x = -52 + 88. Let p(b) = -b**3 + 18*b**2 - 2*b - 34. Let m be p(18). Let u = m + 79. What is the greatest common divisor of x and u?
9
Let p = 81 + -17. Let f(m) = 4*m**3 - 9*m**2 + 11*m + 4. Let w be f